.
-74
Evaluate 11 + (-61 - (-69 + 38)).
-19
What is the value of 2 + (-45 - -48) + (9 + -33 - -6)?
-13
Evaluate -7 - ((4 - 38 - -30) + (-39 - (2 + 1))).
39
(-18 - -3) + 5 + (69 - 15)
44
What is the value of -276 + (-48 - -309) - ((0 - (-1 - -2)) + -116)?
102
Calculate 1398 + -1424 + -4 + 4 + 20.
-6
What is (7 - -32 - -1) + -5 + (6 - -9) + -2?
48
What is (-58 - (190 + -258)) + 1 + -1 + 21?
31
Evaluate 18 + -10 - (17 + -89 + -16).
96
What is the value of 12 + -2 + 31 + -34 + 2 + 8?
17
Evaluate 3 + 42 - (85 + -46).
6
-49 + 1 - (82 + -90 + 1 + 8 - 10)
-39
Evaluate -33 - (85 + -190) - 50.
22
What is -122 - (-141 - (-94 - -95))?
20
What is -2 + 11 - -2 - (41 - (-53 - (-35 + -77)))?
29
Evaluate -13 + 19 + -6 - (-1 + 68) - (-11 - -2).
-58
Evaluate -1 + 74 + 1 + 1 + 4 + 1 + -7.
73
Calculate -10 - (-42 + (13 - 11) + 5 + -6).
31
What is -30 + 6 + -2 + -6 + 24 + -22 + 11?
-19
What is the value of 23 + -14 + (-200 - -176)?
-15
Calculate 57 - (-31 + 45 + -33 + 49).
27
What is 127 + 23 + -74 - 86?
-10
Calculate (-11 - 15 - -41 - 35) + 103.
83
What is 15 + -80 - -33 - (10 + 10)?
-52
What is 11 - (34 - ((3 - -7) + (-25 - -9 - -16)))?
-13
Calculate (-1 - (14 + -8 + -1)) + (59 - 6) - 10.
37
What is (-39 - (84 + 81)) + 91?
-113
What is the value of 5 + 6 - (9 - ((8 - 0) + 9))?
19
Evaluate 190 + -200 + 10 + 2 + -69.
-67
What is -35 + 141 + -65 + -53?
-12
-14 + (-4 - -8) + -1 + 3 + -14
-22
Calculate 50 + (-132 - (-32 - 17)).
-33
What is the value of (-1 + -33 - 1) + ((24 - 34) + 7 - 2)?
-40
12 + (-9 - -12 - 23 - 2)
-10
What is 14 + -14 + -117 + 45?
-72
Evaluate 14 + 0 - ((8 - -19 - 29) + -9).
25
Evaluate -21 - 18 - (-44 + 63).
-58
What is 12 - (29 + -34 + 33 - 18)?
2
(151 - (0 + 2 - 0)) + -488 + 291 + 193
145
What is the value of -15 - -6 - (3 - (-5 + 5 - -5)) - -6?
-1
Calculate 78 + (-31 + 21 - -24 - 35).
57
Calculate (-87 - -70) + 7 - (-1 - -5).
-14
What is 12 - (9 - (7 - 6)) - -32?
36
What is (-1 + 6 - (-312 - -317)) + -31?
-31
Evaluate -1238 + 1252 + (0 - 0) + -2 - -6.
18
What is the value of 81 + -47 - 61 - (29 - -7)?
-63
(0 - -2 - 22 - -2) + (121 - 125)
-22
What is -8 - ((19 - 8) + -10) - -73 - 14?
50
-10 - -3 - (-20 + 68 + 14 - 22)
-47
Calculate -134 + 193 + (6 + -11 - 14).
40
Calculate -364 + 381 - (2 + -2 + -27).
44
-8 + (-9 - 22) - 2 - (9 + -9 + -8)
-33
Evaluate 3 - -36 - -7 - 74.
-28
56 + (2 - 61) - (1 - 26 - (3 - 0))
25
Evaluate -19 + (-14 - (-49 - (11 - 15))).
12
What is -356 - -346 - (-1 - -37)?
-46
What is the value of 22 + -36 + -121 + 84?
-51
13 + 23 + -18 + -52
-34
Calculate -90 + (339 - 134) + -96.
19
What is 4687 + -4612 - (-3 - -5 - -12 - (0 + 1))?
62
Calculate 148 + (-236 - -116) - (-18 + 1 + 0).
45
-115 - -181 - (-19 - -149)
-64
Evaluate (-22 - 1) + 119 + -109 - (17 - 3).
-27
Calculate 42 - (-14 - (-23 + 31)) - -8.
72
Calculate -7 + (88 - -12) - (156 - 122).
59
What is (-1 - 18 - -21 - -71 - -3) + -1?
75
What is the value of -2 - 4 - (10 + 29 - (-127 - -276))?
104
Evaluate -16 - (-23 - (23 - ((-6 - -23) + -25))).
38
(53 - 11) + (7 - 3)
46
74 - (95 + -203 + 139)
43
What is ((4 - 0) + 0 + 3 - 1 - 10) + -39?
-43
What is the value of (18 - 80) + 93 - (-4 + 1)?
34
Calculate -6 - -4 - (-2 - 40 - -32).
8
What is the value of (19 - 12) + (-1 - 12) - (-76 - -8)?
62
Evaluate (7 - 14) + 0 - -21 - (-72 - -140).
-54
-2 + 39 + (145 - -17) + -143
56
Calculate 26 + (65 + 31 + -57 - 39).
26
What is (-9 - (15 + (11 - 9 - 6) - 21)) + -63?
-62
Evaluate -8 + 1 - (41 - 39) - (-15 - -14 - 61).
53
What is the value of 11 + 1 + 63 + -2 + -41?
32
What is (-13 - -1) + -99 + (103 - -2)?
-6
Calculate (-14 - -2) + (-33 - -26 - (-14 - -4)).
-9
What is 55 - (-5 - -18 - -38)?
4
Calculate (-1518 - -1529 - (1 - 1 - -16)) + 8 + -16.
-13
Evaluate (-10 - 26) + 112 - 58.
18
Evaluate 0 + 19 + -15 + -3 + 10 + (-17 - 1).
-7
What is the value of (-36 + -12 - ((2 - -3) + 10)) + -14?
-77
-15 - (-4 - -5 - (49 + 0) - -13)
20
Calculate -10 - (-60 + 23 + 22 + -71 - (-14 - -1)).
63
-8 + 5 + -3 + 2 + 10 + -16 - -51
41
Calculate (3 - (1 + -1)) + -18 - (-551 + 568).
-32
Evaluate (-3 - -1 - 2) + 41 + -74 + -21 + -6.
-64
What is the value of 1 + (-70 - -28) + (2 - -3 - -3)?
-33
What is the value of -55 + -1 + (2334 - 2286)?
-8
-73 - (4 + 7 + -17 + 3 - (1 + 8))
-61
What is the value of (-21 + 36 - 44) + 154?
125
What is 36 + -19 + -47 - -16?
-14
What is the value of -117 + 63 + -13 - -53?
-14
Calculate -139 - (-25 + -141 + 105).
-78
Calculate 43 - 10 - (18 + (4 - (5 + -3))).
13
Calculate -13 + (-11 - (1 + 4)) + -10 + 19.
-20
(-1 - 4) + (-15 - -17) + (18 - -5 - 55)
-35
Evaluate (34 - 19) + 0 + -1.
14
-49 - (-17 + 7) - (-3 + 0 + -4)
-32
139 + (77 + -1 - 136)
79
What is the value of 31 + -61 + 25 - (-37 - (3 - 1))?
34
Evaluate (-20 - -7) + -24 + 38 + -6.
-5
Evaluate (162 - (83 - 91)) + -86.
84
What is the value of -27 + 14 - (23 - -23 - 62)?
3
What is the value of 1 + -38 + 1 + (150 - 13 - 131)?
-30
-1 + 5 + 9 + -5 - -49 - (-3 - 0)
60
(5 + (-7 - (-15 + 1)) + -11 - -3) + -10
-6
Calculate 29 + (-1 - (67 + -17)) - 1.
-23
Evaluate (-1 - 2) + 3 + 2 + -7 + -6.
-11
(-4 - -4 - -4) + -43 + -19 + -9 + 19
-48
Calculate -46 - (1 + 17 + -12 + (-9 - -11)).
-54
Calculate -46 + 31 + -47 + 26.
-36
What is 110 + -69 + 5 + -1 + 7?
52
Evaluate (11 - (4 + -2)) + -198 + 7 + 177 - -2.
-3
What is the value of (-197 - -208) + 1 + 0 + 28?
40
Calculate 88 + 7 + (-36 - 18).
41
61 + (-85 - 41) - -118
53
-44 - (19 + -6 - (-27 + 30))
-54
What is the value of (38 - -13) + 7 + -72?
-14
What is (34 - ((141 - 23) + -31)) + 29?
-24
Evaluate (-8 - 7) + 11 + (-1 - -30 - 30).
-5
What is the value of -56 - (-84 + (-105 - -105))?
28
-18 - -9 - -4 - (18 + -78)
55
Calculate 14 + (24 - -2 - (157 + -81 - 74)).
38
Evaluate 48 + 68 - 38 - 95.
-17
-16 + (9 - (7 + -19)) - -47
52
Evaluate 21 + (-34 - -11) + -16 + 16.
-2
8 - 57 - (-5 - 10 - -20) - (-13 + 1)
-42
Calculate -7 + (-14 + 9 - 9 - -30).
9
What is -30 + (18 - (-11 + 4 + (15 + -4 - -4)))?
-20
What is -169 + (-99 - -254 - -73)?
59
Evaluate (-141 - (67 + -144)) + 64.
0
What is the value of -38 + 133 - ((29 - 26) + 5)?
87
Calculate 4444 - 4461 - (0 + -27).
10
Calculate (219 - 145) + -111 - -128.
91
Calculate 26 - (39 + 7 + -20) - -3.
3
What is the value of (-1 - 51) + (916 - 903)?
-39
Calculate 28 + -98 + -40 + 113.
3
What is the value of (29 - 86) + 33 + 48?
24
Evaluate -3 + (2 - -5) + -25 + (-20 - -51) - -3.
13
Evaluate 6 - ((-1562 - -1576) + (1 - -53)).
-62
Calculate -57 + -2 + (-2045 - -2098).
-6
What is the value of (-47 + -67 - -48) + 65?
-1
What is the value of -28 + 43 + -8 + -58 + 3 + -3 + -2?
-53
What is the value of 4 - (-2 + -35) - (3 + -15 + 6)?
47
What is the value of -73 + -37 + 1 + 85 + -47?
-71
7 - 4 - 5 - -14 - (27 - (-28 + 43))
0
Calculate -24 - (6 - (3 - (-40 - -23 - (4 + -7)))).
-13
Calculate 9 + -8 + 2 - 8 - ((2 - 1) + -30).
24
What is the value of -36 - (3 + 17 + 45 + -27)?
-74
What is the value of -7 - (3 + (9 - 8)) - -12 - (62 + 4)?
-65
What is -14 + 1 + (-18 - -14 - 2) - (-24 + 19)?
-14
Evaluate -312 + (-91 - -502) + (1 - 0 - -16).
116
What is the value of -2 - 11 - (-2470 - -2463)?
-6
-18 + 43 - (1 + -5 - (0 + 4)) - 10
23
What is the value of (-4 - -12) + 0 + -4 - (359 - 368)?
13
Evaluate -2 + -26 + -14 + (7 - -8).
-27
What is (-8 - 9 - (-177 - -163)) + 20?
17
Evaluate -50 + 7 + (2 - 4) + 31.
-14
Calculate (-303 - -285) + (-5 - (-3 - (4 - 1))).
-17
What is the value of (9 - -92) + -281 + 269?
89
What is the value of 8 + 72 - ((24 - 22) + 18)?
60
Calculate (2 - -4 - 72) + -91 + 122.
-35
Calculate -2 + -6 + 2 + (61 + 0 - (53 + -59)).
61
Calculate -36 + (131 - (29 + 3 + -33)).
96
54 - (4 + (-11 - (-6 + -5)))
50
What is the value of (2 - -1) + -1 + 7 + -4 + -5 + -74?
-74
Calculate (-1 + 7 - (12 - (-9 + 6))) + -42 + 33.
-18
Evaluate (36 - 21 - 31 - -37) + 5.
26
Evaluate -18 - (55 + -45 + 43).
-71
What is the value of -2 - ((-66 + 39 - -13) + 14 + -4)?
2
What is the value of (130 + -277 - -133) + 0 + 1?
-13
-29 - (-44 + 47 - (-6 + 11 - -7))
-20
Evaluate 8 - (-12 - -19 - (-5 - (-3 - 12)) - 1).
12
Calculate -85 - (-70 + -1) - -150.
136
What is the value of (7 + 5 + 3 - 16 - (2 + 1)) + -90?
-94
What is (-15 - -3) + (67 - (-2 - 2 - (201 - 200)))?
60
What is the value of (-11 - -35) + (6 - 6) + (9 - 2) + -16?
15
What is -33 - (42 + -10 + -12) - -13?
-40
What is the value of 